= 2*g**2 + 35*g + 143. Let v be h(-6). Calculate z(v).
28
Let y(j) = 3*j - 75. Let k(r) = 3*r - 76. Let v(f) = 4*k(f) - 3*y(f). Let i be -191*8/(-56) - 6/21. Let o be v(i). Let b(h) = -h**3 + h**2 + 2. Calculate b(o).
-2
Let r(a) be the first derivative of -6*a**3 - 16*a**2 + 3*a - 3985. Give r(-2).
-5
Suppose 0 = 8*i - 4*i + 5*n - 42, 0 = 2*i - n - 14. Let d = -44 - -41. Let x(h) = -h**2 + 5*h - 7. Let s(m) = -m. Let z(v) = d*s(v) + x(v). What is z(i)?
-7
Let m(g) = g**2 - 12*g + 5. Let i(p) be the first derivative of 2*p**3/3 - 31*p**2 + 12*p + 71. Let t be i(31). Determine m(t).
5
Let c(m) = 411*m + 413*m - 7*m**2 + 1 - 1240*m - 3 + 408*m + m**3 - 3. Let f = -4 - -14. Let a = 18 - f. What is c(a)?
-5
Let i(d) = -30 + d**2 + 4 - 2646963*d - 2*d**2 + 2646941*d. What is i(-21)?
-5
Suppose b + 4*w = -3, 5*b = 14*w - 13*w + 69. Let h(z) be the third derivative of -1/120*z**6 + 0 + 1/24*z**4 - 1/2*z**3 + 0*z**5 + b*z**2 + 0*z. Give h(-3).
21
Suppose -43*a + 21 = -40*a - 4*c, 6 = -3*a - 5*c. Let y(w) = -111*w - 4. Let p be y(-7). Let o(k) = -5*k**2 - 2*k + p*k**3 - 2 - 772*k**a + 3*k. Calculate o(5).
3
Let u(z) be the first derivative of z**2 - 4*z - 8841. Suppose -2 = 5*l + 2*x + 4, 4*x = -5*l - 2. Give u(l).
-8
Let m(k) = -652 - 717 - k - 3*k + 1286. What is m(-21)?
1
Let g(x) = 13*x**2 - 3*x - 1. Let j(t) = -5*t**2 + 2. Let a(k) = -9*k**2 + 3. Let d(q) = 3*a(q) - 5*j(q). Let c(b) = 6*d(b) + g(b). Determine c(4).
-3
Suppose -p = 2*y - 15, 3*y = 4*p + 907 - 868. Let u(q) = 7*q**2 + 7*q - 7. Determine u(p).
35
Suppose 0 = -12*k + 6*k + 528. Let u(n) = -k*n + 173*n - 4 - 84*n. Let h be (-1)/3*-3*5. What is u(h)?
1
Let r be (-131)/1834 + 83/(-14). Let f(i) be the second derivative of i**5/20 + 5*i**4/12 - 7*i**3/6 - 11*i**2/2 - i. What is f(r)?
-5
Let u = 522 - 516. Let h(c) be the first derivative of 2*c**3/3 - 4*c**2 + 2*c + 27. Give h(u).
26
Let t(a) = -46*a - 2073. Let o be t(-45). Let f(s) = -57*s - 30. Give f(o).
141
Let k(h) = 6*h + 0*h - h**2 - 39*h - 22 + 15*h + 5*h. Determine k(-7).
20
Let l(v) = v**3 - 17*v**2 - 21*v + 43. Suppose 4*u - 5*r + 2 = 3*u, -2*u - 5*r + 56 = 0. Determine l(u).
-11
Let w(p) be the first derivative of -11*p**6/60 - p**4/12 - p**3/6 + 197*p**2/2 + 198. Let k(c) be the second derivative of w(c). What is k(-1)?
23
Suppose -7*l + 15 = -20. Suppose -d - 2*y = -y - 5, 0 = 4*d + l*y - 23. Let z(a) = -6*a**2 - 5*a + d*a**3 - 2 - 3*a**3 + 4*a. Determine z(-6).
4
Let y(j) = -38 - j - 44 - 49 + 92 + 40. Let a(h) = -h**2 + 6*h. Let d be a(5). Give y(d).
-4
Let b(r) = 8*r + 1. Let d(m) = -50*m - 5. Let f(k) = 6*b(k) + d(k). Calculate f(3).
-5
Let c(t) = t**2 + 7*t + 2. Let l = -112 + 115. Let n(g) = -g + 1. Let d(k) = l*n(k) + c(k). What is d(-4)?
5
Let c(y) = 301*y - 908*y + 300*y + 3*y**2 + 2*y**3 + 305*y + 9. What is c(-4)?
-63
Let n = -76042 + 76048. Let w(z) = 0*z**2 - 4*z**2 + 3*z**2 + 8*z + 0*z**2 + 1. Determine w(n).
13
Suppose -3*x + 18 = -0*x. Let d = 144 - 144. Let r(b) = -200 + d*b**2 + 9*b + 192 - b**2. What is r(x)?
10
Let a(z) be the first derivative of -z**3/3 - 7*z**2 - 48*z + 2142. Give a(-8).
0
Suppose 4*m = 4*v - 16, -62*v - m + 2 = -60*v. Let b(r) = 8*r + 0*r - 4 + 0 - 4*r**2 + 3*r**v. Suppose -l - 2*c - 4 = 0, -l - 3*c - 1 = 8. What is b(l)?
8
Let q(t) = -t**3 - 6*t**2 + 5*t + 1. Let x(j) = 52*j**2 - 4*j + 11. Let z be x(2). Let w = z - 218. Calculate q(w).
15
Let t be -10 + 8 - (-1 - 31). Suppose 4*s - 6 = -3*h + 14, h + s = 7. Let z(c) = c**2 - h*c - 4*c + t*c - 8 - 12*c. Calculate z(-7).
-1
Let p(b) = b**2 - b - 3. Suppose 15*f = 6*f + 36. Suppose i - 9 = 4*r, 6*i - 3*r = f*i + 3. Give p(i).
9
Let v be 2991/(-9) - (16/(-6))/(-4). Let t = 315 + v. Let y(k) = -k**2 - 18*k - 1. Determine y(t).
-1
Let o(p) be the second derivative of p**5/10 - p**4/2 + 2*p**2 - 3*p + 699. Calculate o(3).
4
Let n(r) = -r**2 + 6*r - 6. Let w be n(4). Let d be -2*(-3 + w/1). Let u(f) = -58 + 9*f - 69 + 129. Calculate u(d).
20
Let o(n) be the second derivative of n**5/20 - n**4/6 - 5*n**3/6 - n**2 - 2*n - 16. Suppose 0 = -5*w + 99 - 79. Calculate o(w).
10
Let v(d) be the third derivative of d**4/24 + 4*d**3/3 + 17*d**2 + 100*d + 3. Suppose 5*u = -7 - 28. Calculate v(u).
1
Let r be 0 + (-30)/4 + 30/20. Let n(o) = o**3 + 5*o**2 - 9*o - 16. Give n(r).
2
Let x be 3/(153/6)*(-3553)/(-418). Let q(k) = 10*k**2 + 6*k - 8. Calculate q(x).
8
Let m(b) = -7 - 1283*b + b**3 - 59*b**2 + 1291*b + 50*b**2. Determine m(4).
-55
Suppose 0 = -2*k + 5 + 1. Let v(p) = 3*p**3 + p + 1. Let y = 857 - 853. Let z(l) = -5*l**3 - l**2 - l - 2. Let g(q) = y*z(q) + 7*v(q). Determine g(k).
-1
Let w be -7 + 0 + (5 - -6). Suppose -7*k = -11 + w. Let p(o) = 5*o**2 - o + 1. Calculate p(k).
5
Let r = 132 - 127. Suppose g + 2 = -0*g - 2*b, r*g + 4*b - 2 = 0. Let u(j) = 40*j**2 - 37*j**g - 1 + j + 2. Determine u(-1).
3
Let m(j) = 31*j**2 + 5*j - 10. Let z(v) = -37*v**2 - 6*v + 9. Let w(a) = 6*m(a) + 5*z(a). Give w(4).
1
Let p(z) = -17*z**2 - 4*z - 5. Let a be p(-1). Let m be 6 - (4/a + (-121)/(-99)). Let r(j) = j**3 - 5*j**2 + 5. What is r(m)?
5
Let j be ((-2)/(-10) + 0)*(78 + -58)*-4. Let c(f) be the second derivative of -f**4/12 - 17*f**3/6 - 10*f**2 - f. What is c(j)?
-4
Let q(y) = -1528*y - 4*y**2 + 5*y**2 + 3065*y - 1519*y - 2*y**2 + 15. What is q(18)?
15
Let b(p) = 95530*p + 61 - 95521*p - 19 + 18. What is b(-7)?
-3
Let v(p) = -173 - 212863*p + 106433*p + 106435*p. Determine v(34).
-3
Let j(m) = -m**2 - 10*m - 1. Let z(t) = 3*t**2 + 28*t + 4. Let n(l) = -8*j(l) - 3*z(l). Suppose 10 = -3*p + 5*i - 8, 0 = 2*p - 2*i + 12. Calculate n(p).
-16
Let r(f) = 22*f + 83. Let c(p) = -p**3 - 8*p**2 + 4*p - 323. Let a be c(-11). What is r(a)?
-5
Let a(c) = c**2 - c + 1. Let o(u) = -2*u**2 - 7*u - 11. Let b(w) = a(w) - o(w). Let r(h) = -h**2 - 3. Let g(z) = -b(z) - 2*r(z). Determine g(-6).
-6
Suppose -24*r = -9*r. Let l(a) be the third derivative of -a**6/120 + a**5/60 - 4*a**3/3 + 12*a**2. What is l(r)?
-8
Let s(b) = -6*b + 7. Suppose 26*d - 158 = -314. Calculate s(d).
43
Let m be 2 - (-12)/(-45) - 5*35/125. Let l(k) be the first derivative of -4*k**2 + 17 - 2*k - m*k**3. What is l(-4)?
14
Let z(b) be the third derivative of 5*b**4/24 - 29*b**3/6 - 3*b**2 - 105. Calculate z(0).
-29
Let n be 8/(-20) + (-8)/(-20). Suppose 2*q = -n + 28. Let s(w) = 4 - 6*w + q*w + 0 - 1 - w**2. Calculate s(9).
-6
Let s = -61 - -48. Let q be s + 14 - (-1 + 1). Let r(i) = q + 5*i - 7*i + 1 - 5. Calculate r(-6).
9
Let i(j) = j**3 - j**2 + 1. Let m(b) = -b**2 + 9. Let z be m(3). Suppose z = -15*a + 11*a. Determine i(a).
1
Let j(b) = b**2 + 10*b + 25. Let d(r) = -r**2 - 9*r - 23. Let f(x) = 5*d(x) + 6*j(x). What is f(-13)?
9
Let t(c) = 11 - 28*c**2 - 28*c**2 - 35*c**2 + 92*c**2 + 12*c. Suppose 0 = 4*y + 6 + 34. Determine t(y).
-9
Let w(j) be the third derivative of -j**7/1260 - j**6/720 - j**5/60 - 7*j**4/8 + j**3/6 + 24*j**2 + j. Let y(i) be the second derivative of w(i). What is y(-3)?
-17
Suppose -2*h - 7 = -1. Let s(c) = c**2 + 11*c - 26. Let k be s(-13). Let b(m) = -5*m + 5*m - 3 - 9*m + k*m. Determine b(h).
24
Let c(h) = 2603*h - 2605*h - 2*h**2 - 5 + 3*h**2. Let x(a) = a**2. Let i be x(0). Let f be 1 + i - (-4 + 1). Calculate c(f).
3
Let w(c) be the second derivative of -c**5/20 + 41*c**4/12 + 15*c**3/2 - 62*c**2 - 3*c - 64. Give w(42).
2
Let d(c) = -2*c - 27. Let j(s) = -s - 13. Let g(q) = 2*d(q) - 5*j(q). Let w be g(-14). Let u(x) = -x**3 - 5*x**2 - 5*x - 4. What is u(w)?
-7
Let c(g) be the first derivative of g**4/4 - 4*g**3/3 - 4*g + 1030. Give c(4).
-4
Let p(q) = 23 - 7*q - 3*q + 6*q - 5 + 12. Give p(10).
-10
Let m(t) = 9*t**2 + 1050 + 1017 - 2065. What is m(2)?
38
Suppose 16 = 5*r + 186*m - 187*m, -2*r = -3*m + 4. Let n(s) be the third derivative of 0*s + r*s**2 - 1/6*s**3 + 1/4*s**4 + 0. Calculate n(-1).
-7
Let y(p) = p**2 - 3*p. Let m be y(3). Suppose -4*l = -3*o - l + 24, m = -4*o - l + 7. Let h(q) = 15724*q + 15715*q + 15715*q - 47153*q. What is h(o)?
3
Suppose -6 = -61*w + 60*w. Suppose -3*l - w + 12 = 0. Suppose 4*f + 3 = -l*p + 29, -15 = p - 5*f. Let u(h) = h**2 - 4*h - 4. Give u(p).
1
Let v(p) = p - 1. Suppose -t - 7 = -4. Let m be -2*(-6)/(-9) - (-2)/6. Let j be m/(-2)*(5 - t). Determine v(j).
3
Suppose 3*y - 9 = 3*o, 43 = 5*o - 2*y + 40. Let b(c) = -22*c + 58. Calculat